{"id":18326,"date":"2026-04-15T14:12:49","date_gmt":"2026-04-15T12:12:49","guid":{"rendered":"https:\/\/www.escueladoblajealicante.com\/?post_type=tribe_events&#038;p=18326"},"modified":"2026-04-15T14:12:49","modified_gmt":"2026-04-15T12:12:49","slug":"modulo-i-doblaje-inicial-may-26-3","status":"publish","type":"tribe_events","link":"https:\/\/www.escueladoblajealicante.com\/en\/calendario\/modulo-i-doblaje-inicial-may-26-3\/","title":{"rendered":"MODULO I DOBLAJE INICIAL MAY 26"},"content":{"rendered":"","protected":false},"excerpt":{"rendered":"<p>Comienza tu formaci\u00f3n como actor o actriz de doblaje en la Escuela de Doblaje de Alicante con un plan de estudios, basado en nuestros m\u00e1s de 15 a\u00f1os de experiencia y con un marcado enfoque pr\u00e1ctico y profesional.<\/p>","protected":false},"author":1,"featured_media":1153,"template":"","meta":{"_acf_changed":false,"inline_featured_image":false,"_tribe_events_status":"","_tribe_events_status_reason":"","footnotes":""},"tags":[],"tribe_events_cat":[],"class_list":["post-18326","tribe_events","type-tribe_events","status-publish","has-post-thumbnail","hentry"],"acf":[],"_links":{"self":[{"href":"https:\/\/www.escueladoblajealicante.com\/en\/wp-json\/wp\/v2\/tribe_events\/18326","targetHints":{"allow":["GET"]}}],"collection":[{"href":"https:\/\/www.escueladoblajealicante.com\/en\/wp-json\/wp\/v2\/tribe_events"}],"about":[{"href":"https:\/\/www.escueladoblajealicante.com\/en\/wp-json\/wp\/v2\/types\/tribe_events"}],"author":[{"embeddable":true,"href":"https:\/\/www.escueladoblajealicante.com\/en\/wp-json\/wp\/v2\/users\/1"}],"version-history":[{"count":1,"href":"https:\/\/www.escueladoblajealicante.com\/en\/wp-json\/wp\/v2\/tribe_events\/18326\/revisions"}],"predecessor-version":[{"id":18327,"href":"https:\/\/www.escueladoblajealicante.com\/en\/wp-json\/wp\/v2\/tribe_events\/18326\/revisions\/18327"}],"wp:featuredmedia":[{"embeddable":true,"href":"https:\/\/www.escueladoblajealicante.com\/en\/wp-json\/wp\/v2\/media\/1153"}],"wp:attachment":[{"href":"https:\/\/www.escueladoblajealicante.com\/en\/wp-json\/wp\/v2\/media?parent=18326"}],"wp:term":[{"taxonomy":"post_tag","embeddable":true,"href":"https:\/\/www.escueladoblajealicante.com\/en\/wp-json\/wp\/v2\/tags?post=18326"},{"taxonomy":"tribe_events_cat","embeddable":true,"href":"https:\/\/www.escueladoblajealicante.com\/en\/wp-json\/wp\/v2\/tribe_events_cat?post=18326"}],"curies":[{"name":"wp","href":"https:\/\/api.w.org\/{rel}","templated":true}]}}

<p>Comienza tu formación como actor o actriz de doblaje en la Escuela de Doblaje de Alicante con un plan de estudios, basado en nuestros más de 15 años de experiencia y con un marcado enfoque práctico y profesional.</p>
