{"id":17919,"date":"2025-06-03T09:32:52","date_gmt":"2025-06-03T09:32:52","guid":{"rendered":"https:\/\/www.escueladoblajealicante.com\/?post_type=product&#038;p=17919"},"modified":"2025-07-02T07:14:01","modified_gmt":"2025-07-02T07:14:01","slug":"taller-eda-con-alfonso-laguna-2025","status":"publish","type":"product","link":"https:\/\/www.escueladoblajealicante.com\/en\/cursos\/taller-eda-con-alfonso-laguna-2025\/","title":{"rendered":"Taller EDA con: ALFONSO LAGUNA"},"content":{"rendered":"","protected":false},"excerpt":{"rendered":"<p style=\"text-align: justify;\">La Escuela de Doblaje de Alicante presenta una nueva edici\u00f3n de \u201cTaller EDA con\u201d en los que contamos peri\u00f3dicamente, y al igual que en todas nuestras clases, con grandes profesionales del doblaje en activo.<\/p>\n<p style=\"text-align: justify;\">En el \u201cTaller EDA con\u201d tendr\u00e1s la oportunidad de recibir formaci\u00f3n de alto nivel en una clase de 5 horas donde refrescar y perfeccionar lo aprendido anteriormente. Practicar\u00e1s con materiales espec\u00edficos para esta ocasi\u00f3n y conocer\u00e1s de primera mano la actualidad del sector y del trabajo en sala.<\/p>\n<p style=\"text-align: justify;\">Si buscas continuar tu formaci\u00f3n de forma seria y profesional ap\u00fantate ya y reserva tu plaza para el pr\u00f3ximo Taller EDA con <a href=\"https:\/\/www.escueladoblajealicante.com\/en\/alfonso-laguna\/\"><strong>Alfonso Laguna<\/strong>.<\/a><\/p>","protected":false},"featured_media":1137,"comment_status":"open","ping_status":"closed","template":"","meta":{"_acf_changed":false,"inline_featured_image":false},"product_brand":[],"product_cat":[15],"product_tag":[],"class_list":{"0":"post-17919","1":"product","2":"type-product","3":"status-publish","4":"has-post-thumbnail","6":"product_cat-doblaje","8":"first","9":"outofstock","10":"sold-individually","11":"taxable","12":"shipping-taxable","13":"purchasable","14":"product-type-simple"},"acf":[],"_links":{"self":[{"href":"https:\/\/www.escueladoblajealicante.com\/en\/wp-json\/wp\/v2\/product\/17919","targetHints":{"allow":["GET"]}}],"collection":[{"href":"https:\/\/www.escueladoblajealicante.com\/en\/wp-json\/wp\/v2\/product"}],"about":[{"href":"https:\/\/www.escueladoblajealicante.com\/en\/wp-json\/wp\/v2\/types\/product"}],"replies":[{"embeddable":true,"href":"https:\/\/www.escueladoblajealicante.com\/en\/wp-json\/wp\/v2\/comments?post=17919"}],"version-history":[{"count":2,"href":"https:\/\/www.escueladoblajealicante.com\/en\/wp-json\/wp\/v2\/product\/17919\/revisions"}],"predecessor-version":[{"id":17922,"href":"https:\/\/www.escueladoblajealicante.com\/en\/wp-json\/wp\/v2\/product\/17919\/revisions\/17922"}],"wp:featuredmedia":[{"embeddable":true,"href":"https:\/\/www.escueladoblajealicante.com\/en\/wp-json\/wp\/v2\/media\/1137"}],"wp:attachment":[{"href":"https:\/\/www.escueladoblajealicante.com\/en\/wp-json\/wp\/v2\/media?parent=17919"}],"wp:term":[{"taxonomy":"product_brand","embeddable":true,"href":"https:\/\/www.escueladoblajealicante.com\/en\/wp-json\/wp\/v2\/product_brand?post=17919"},{"taxonomy":"product_cat","embeddable":true,"href":"https:\/\/www.escueladoblajealicante.com\/en\/wp-json\/wp\/v2\/product_cat?post=17919"},{"taxonomy":"product_tag","embeddable":true,"href":"https:\/\/www.escueladoblajealicante.com\/en\/wp-json\/wp\/v2\/product_tag?post=17919"}],"curies":[{"name":"wp","href":"https:\/\/api.w.org\/{rel}","templated":true}]}}

<p style="text-align: justify;">La Escuela de Doblaje de Alicante presenta una nueva edición de “Taller EDA con” en los que contamos periódicamente, y al igual que en todas nuestras clases, con grandes profesionales del doblaje en activo.</p>
<p style="text-align: justify;">En el “Taller EDA con” tendrás la oportunidad de recibir formación de alto nivel en una clase de 5 horas donde refrescar y perfeccionar lo aprendido anteriormente. Practicarás con materiales específicos para esta ocasión y conocerás de primera mano la actualidad del sector y del trabajo en sala.</p>
<p style="text-align: justify;">Si buscas continuar tu formación de forma seria y profesional apúntate ya y reserva tu plaza para el próximo Taller EDA con <a href="https://www.escueladoblajealicante.com/en/alfonso-laguna/"><strong>Alfonso Laguna</strong>.</a></p>
