{"id":17803,"date":"2025-04-08T08:46:11","date_gmt":"2025-04-08T08:46:11","guid":{"rendered":"https:\/\/www.escueladoblajealicante.com\/?post_type=product&#038;p=17803"},"modified":"2025-05-07T13:15:10","modified_gmt":"2025-05-07T13:15:10","slug":"taller-eda-con-jorge-saudinos","status":"publish","type":"product","link":"https:\/\/www.escueladoblajealicante.com\/en\/cursos\/taller-eda-con-jorge-saudinos\/","title":{"rendered":"Taller EDA con: JORGE SAUDIN\u00d3S"},"content":{"rendered":"","protected":false},"excerpt":{"rendered":"<p style=\"text-align: justify;\">La Escuela de Doblaje de Alicante presenta una nueva edici\u00f3n de \u201cTaller EDA con\u201d en los que contaremos peri\u00f3dicamente, y al igual que en todas nuestras clases, con grandes profesionales del doblaje en activo.<\/p>\n<p style=\"text-align: justify;\">En el \u201cTaller EDA con\u201d tendr\u00e9is la oportunidad de recibir formaci\u00f3n de alto nivel en una clase de 5 horas donde refrescar y perfeccionar lo aprendido anteriormente. Practicar\u00e9is con materiales espec\u00edficos para esta ocasi\u00f3n y conocer\u00e9is de primera mano la actualidad del sector y del trabajo en sala.<\/p>\n<p style=\"text-align: justify;\">Si buscas continuar tu formaci\u00f3n de forma seria y profesional ap\u00fantate ya y reserva tu plaza para el pr\u00f3ximo Taller EDA con <a href=\"https:\/\/www.escueladoblajealicante.com\/en\/jorge-saudinos\/\"><strong>Jorge Saudin\u00f3s<\/strong>.<\/a><\/p>","protected":false},"featured_media":17847,"comment_status":"open","ping_status":"closed","template":"","meta":{"_acf_changed":false,"inline_featured_image":false},"product_brand":[],"product_cat":[15],"product_tag":[],"class_list":{"0":"post-17803","1":"product","2":"type-product","3":"status-publish","4":"has-post-thumbnail","6":"product_cat-doblaje","8":"first","9":"outofstock","10":"sold-individually","11":"taxable","12":"shipping-taxable","13":"purchasable","14":"product-type-simple"},"acf":[],"_links":{"self":[{"href":"https:\/\/www.escueladoblajealicante.com\/en\/wp-json\/wp\/v2\/product\/17803","targetHints":{"allow":["GET"]}}],"collection":[{"href":"https:\/\/www.escueladoblajealicante.com\/en\/wp-json\/wp\/v2\/product"}],"about":[{"href":"https:\/\/www.escueladoblajealicante.com\/en\/wp-json\/wp\/v2\/types\/product"}],"replies":[{"embeddable":true,"href":"https:\/\/www.escueladoblajealicante.com\/en\/wp-json\/wp\/v2\/comments?post=17803"}],"version-history":[{"count":3,"href":"https:\/\/www.escueladoblajealicante.com\/en\/wp-json\/wp\/v2\/product\/17803\/revisions"}],"predecessor-version":[{"id":17849,"href":"https:\/\/www.escueladoblajealicante.com\/en\/wp-json\/wp\/v2\/product\/17803\/revisions\/17849"}],"wp:featuredmedia":[{"embeddable":true,"href":"https:\/\/www.escueladoblajealicante.com\/en\/wp-json\/wp\/v2\/media\/17847"}],"wp:attachment":[{"href":"https:\/\/www.escueladoblajealicante.com\/en\/wp-json\/wp\/v2\/media?parent=17803"}],"wp:term":[{"taxonomy":"product_brand","embeddable":true,"href":"https:\/\/www.escueladoblajealicante.com\/en\/wp-json\/wp\/v2\/product_brand?post=17803"},{"taxonomy":"product_cat","embeddable":true,"href":"https:\/\/www.escueladoblajealicante.com\/en\/wp-json\/wp\/v2\/product_cat?post=17803"},{"taxonomy":"product_tag","embeddable":true,"href":"https:\/\/www.escueladoblajealicante.com\/en\/wp-json\/wp\/v2\/product_tag?post=17803"}],"curies":[{"name":"wp","href":"https:\/\/api.w.org\/{rel}","templated":true}]}}

Taller EDA con: JORGE SAUDINÓS

<p style="text-align: justify;">La Escuela de Doblaje de Alicante presenta una nueva edición de “Taller EDA con” en los que contaremos periódicamente, y al igual que en todas nuestras clases, con grandes profesionales del doblaje en activo.</p>
<p style="text-align: justify;">En el “Taller EDA con” tendréis la oportunidad de recibir formación de alto nivel en una clase de 5 horas donde refrescar y perfeccionar lo aprendido anteriormente. Practicaréis con materiales específicos para esta ocasión y conoceréis de primera mano la actualidad del sector y del trabajo en sala.</p>
<p style="text-align: justify;">Si buscas continuar tu formación de forma seria y profesional apúntate ya y reserva tu plaza para el próximo Taller EDA con <a href="https://www.escueladoblajealicante.com/en/jorge-saudinos/"><strong>Jorge Saudinós</strong>.</a></p>
