{"id":1129,"date":"2017-09-01T14:47:33","date_gmt":"2017-09-01T14:47:33","guid":{"rendered":"https:\/\/sandbox.escueladoblajealicante.com\/?post_type=product&#038;p=1129"},"modified":"2024-09-19T12:04:12","modified_gmt":"2024-09-19T12:04:12","slug":"curso-intensivo-de-doblaje-septiembre","status":"publish","type":"product","link":"https:\/\/www.escueladoblajealicante.com\/en\/cursos\/curso-intensivo-de-doblaje-septiembre\/","title":{"rendered":"Curso Intensivo Doblaje Septiembre"},"content":{"rendered":"","protected":false},"excerpt":{"rendered":"<h3>\u00a1\u00a1\u00a1Nueva edici\u00f3n del Curso Intensivo de Doblaje!!!<\/h3>\n<p>Tras cubrir todas las plazas para el curso de julio y para todos aquellos que est\u00e1is interesados en el mundo del doblaje y alguna vez hab\u00e9is interpretado escenas de vuestras pel\u00edculas favoritas en boca de los propios actores y actrices, ahora os traemos la oportunidad de iniciaros en esta profesi\u00f3n con este curso intensivo de doblaje de 20h de duraci\u00f3n repartidas en 2 fines de semana con\u00a0Alfonso Laguna\u00a0como profesor.<\/p>\n<p>Ap\u00fantate al Curso Intensivo de Doblaje\u00a0que os hemos preparado para el 22, 23, 29 y 30 de septiembre.<\/p>\n<p>Durante este curso aprender\u00e1s los fundamentos b\u00e1sicos del doblaje con pr\u00e1cticas continuas delante del\u00a0atril y nuestra pantalla de cine. Estar\u00e1s en todo momento formado y dirigido por actores y directores de doblaje en activo que conseguir\u00e1n sacar lo mejor de t\u00ed.<\/p>\n<p>Si quieres iniciarte en la profesi\u00f3n de actor de doblaje, esta es tu oportunidad de hacerlo con profesionales.<\/p>","protected":false},"featured_media":1130,"comment_status":"open","ping_status":"closed","template":"","meta":{"_acf_changed":false,"inline_featured_image":false},"product_brand":[],"product_cat":[15],"product_tag":[],"class_list":{"0":"post-1129","1":"product","2":"type-product","3":"status-publish","4":"has-post-thumbnail","6":"product_cat-doblaje","8":"first","9":"outofstock","10":"sold-individually","11":"taxable","12":"shipping-taxable","13":"purchasable","14":"product-type-simple"},"acf":[],"_links":{"self":[{"href":"https:\/\/www.escueladoblajealicante.com\/en\/wp-json\/wp\/v2\/product\/1129","targetHints":{"allow":["GET"]}}],"collection":[{"href":"https:\/\/www.escueladoblajealicante.com\/en\/wp-json\/wp\/v2\/product"}],"about":[{"href":"https:\/\/www.escueladoblajealicante.com\/en\/wp-json\/wp\/v2\/types\/product"}],"replies":[{"embeddable":true,"href":"https:\/\/www.escueladoblajealicante.com\/en\/wp-json\/wp\/v2\/comments?post=1129"}],"version-history":[{"count":0,"href":"https:\/\/www.escueladoblajealicante.com\/en\/wp-json\/wp\/v2\/product\/1129\/revisions"}],"wp:featuredmedia":[{"embeddable":true,"href":"https:\/\/www.escueladoblajealicante.com\/en\/wp-json\/wp\/v2\/media\/1130"}],"wp:attachment":[{"href":"https:\/\/www.escueladoblajealicante.com\/en\/wp-json\/wp\/v2\/media?parent=1129"}],"wp:term":[{"taxonomy":"product_brand","embeddable":true,"href":"https:\/\/www.escueladoblajealicante.com\/en\/wp-json\/wp\/v2\/product_brand?post=1129"},{"taxonomy":"product_cat","embeddable":true,"href":"https:\/\/www.escueladoblajealicante.com\/en\/wp-json\/wp\/v2\/product_cat?post=1129"},{"taxonomy":"product_tag","embeddable":true,"href":"https:\/\/www.escueladoblajealicante.com\/en\/wp-json\/wp\/v2\/product_tag?post=1129"}],"curies":[{"name":"wp","href":"https:\/\/api.w.org\/{rel}","templated":true}]}}

<h3>¡¡¡Nueva edición del Curso Intensivo de Doblaje!!!</h3>
<p>Tras cubrir todas las plazas para el curso de julio y para todos aquellos que estáis interesados en el mundo del doblaje y alguna vez habéis interpretado escenas de vuestras películas favoritas en boca de los propios actores y actrices, ahora os traemos la oportunidad de iniciaros en esta profesión con este curso intensivo de doblaje de 20h de duración repartidas en 2 fines de semana con Alfonso Laguna como profesor.</p>
<p>Apúntate al Curso Intensivo de Doblaje que os hemos preparado para el 22, 23, 29 y 30 de septiembre.</p>
<p>Durante este curso aprenderás los fundamentos básicos del doblaje con prácticas continuas delante del atril y nuestra pantalla de cine. Estarás en todo momento formado y dirigido por actores y directores de doblaje en activo que conseguirán sacar lo mejor de tí.</p>
<p>Si quieres iniciarte en la profesión de actor de doblaje, esta es tu oportunidad de hacerlo con profesionales.</p>
