{"id":1105,"date":"2018-04-01T14:02:39","date_gmt":"2018-04-01T14:02:39","guid":{"rendered":"https:\/\/sandbox.escueladoblajealicante.com\/?post_type=product&#038;p=1105"},"modified":"2024-09-19T12:07:51","modified_gmt":"2024-09-19T12:07:51","slug":"taller-de-locucion-publicitaria-avanzado","status":"publish","type":"product","link":"https:\/\/www.escueladoblajealicante.com\/en\/cursos\/taller-de-locucion-publicitaria-avanzado\/","title":{"rendered":"Locuci\u00f3n Publicitaria y Corporativa Avanzado"},"content":{"rendered":"<h3><strong>Temario del Taller de Locuci\u00f3n Publicitaria y Corporativa Avanzado.<\/strong><\/h3>\n<ol>\n<li style=\"list-style-type: none;\">\n<ol>\n<li class=\"p1\"><strong>El locutor<\/strong>\n<ol>\n<li class=\"p1\">La destreza del locutor\/a ante diferentes textos trabajando la interpretaci\u00f3n.<\/li>\n<li class=\"p1\">Pr\u00e1cticas.\n<ol>\n<li class=\"p1\">Ajustes de tiempos.<\/li>\n<li class=\"p1\">Practicas con material audiovisual real.<\/li>\n<li class=\"p1\">Ejercicios con diferentes dificultades para una correcta adaptaci\u00f3n a los textos.<\/li>\n<li class=\"p1\">Ajuste de tonos. Pr\u00e1cticas de grabaci\u00f3n de publicidad y narraci\u00f3n de documentales.<\/li>\n<\/ol>\n<\/li>\n<\/ol>\n<\/li>\n<li class=\"p1\"><strong>Locuciones de videos corporativos.<\/strong>\n<ol>\n<li class=\"p1\">Video corporativo. Estilo y credibilidad de una empresa.<\/li>\n<li class=\"p1\">Pr\u00e1cticas.\n<ol>\n<li class=\"p1\">La sincronizaci\u00f3n con elementos visuales.<\/li>\n<li class=\"p1\">T\u00e9cnicas para la realizaci\u00f3n de sincronizaci\u00f3n de ajustes con la voz de referencia.<\/li>\n<\/ol>\n<\/li>\n<\/ol>\n<\/li>\n<li><strong>Otros formatos.<\/strong>\n<ol>\n<li>Locuci\u00f3n de Offs tv, programas, concursos y reportajes.<\/li>\n<li>Centralitas, Indicativos de radio.<\/li>\n<li>Casting de voz.<\/li>\n<li>Muestras de audio y sus caracter\u00edsticas.<\/li>\n<li>Plataformas de casting online.<\/li>\n<\/ol>\n<\/li>\n<\/ol>\n<\/li>\n<\/ol>","protected":false},"excerpt":{"rendered":"<p class=\"p1\" style=\"text-align: justify;\">En este\u00a0<strong>nuevo Taller de Locuci\u00f3n Publicitaria Avanzado<\/strong>\u00a0con\u00a0Juan Francisco Corredera\u00a0vamos a ir un paso m\u00e1s all\u00e1, nos adentraremos de lleno en la interpretaci\u00f3n de cu\u00f1as, spots de tv, ampliando la narraci\u00f3n corporativa y documental.<\/p>\n<p class=\"p1\" style=\"text-align: justify;\">Una de las claras funciones del v\u00eddeo corporativo es reforzar la imagen de marca de una empresa, adem\u00e1s de promocionar su actividad en videos para uso interno, internet o redes sociales.<\/p>\n<p class=\"p1\" style=\"text-align: justify;\">Buscaremos la naturalidad en las locuciones publicitarias para que suenes profesional.<\/p>\n<p class=\"p1\" style=\"text-align: justify;\">Con tu voz podr\u00e1s convencer y persuadir.<\/p>\n<p class=\"p1\" style=\"text-align: justify;\"><strong>La constancia, clave del \u00e9xito.<\/strong><\/p>","protected":false},"featured_media":1067,"comment_status":"open","ping_status":"closed","template":"","meta":{"_acf_changed":false,"inline_featured_image":false},"product_brand":[],"product_cat":[28],"product_tag":[],"class_list":{"0":"post-1105","1":"product","2":"type-product","3":"status-publish","4":"has-post-thumbnail","6":"product_cat-locucion","8":"first","9":"outofstock","10":"sold-individually","11":"taxable","12":"shipping-taxable","13":"purchasable","14":"product-type-simple"},"acf":[],"_links":{"self":[{"href":"https:\/\/www.escueladoblajealicante.com\/en\/wp-json\/wp\/v2\/product\/1105","targetHints":{"allow":["GET"]}}],"collection":[{"href":"https:\/\/www.escueladoblajealicante.com\/en\/wp-json\/wp\/v2\/product"}],"about":[{"href":"https:\/\/www.escueladoblajealicante.com\/en\/wp-json\/wp\/v2\/types\/product"}],"replies":[{"embeddable":true,"href":"https:\/\/www.escueladoblajealicante.com\/en\/wp-json\/wp\/v2\/comments?post=1105"}],"version-history":[{"count":0,"href":"https:\/\/www.escueladoblajealicante.com\/en\/wp-json\/wp\/v2\/product\/1105\/revisions"}],"wp:featuredmedia":[{"embeddable":true,"href":"https:\/\/www.escueladoblajealicante.com\/en\/wp-json\/wp\/v2\/media\/1067"}],"wp:attachment":[{"href":"https:\/\/www.escueladoblajealicante.com\/en\/wp-json\/wp\/v2\/media?parent=1105"}],"wp:term":[{"taxonomy":"product_brand","embeddable":true,"href":"https:\/\/www.escueladoblajealicante.com\/en\/wp-json\/wp\/v2\/product_brand?post=1105"},{"taxonomy":"product_cat","embeddable":true,"href":"https:\/\/www.escueladoblajealicante.com\/en\/wp-json\/wp\/v2\/product_cat?post=1105"},{"taxonomy":"product_tag","embeddable":true,"href":"https:\/\/www.escueladoblajealicante.com\/en\/wp-json\/wp\/v2\/product_tag?post=1105"}],"curies":[{"name":"wp","href":"https:\/\/api.w.org\/{rel}","templated":true}]}}

Locución Publicitaria y Corporativa Avanzado

<h3><strong>Temario del Taller de Locución Publicitaria y Corporativa Avanzado.</strong></h3>
<ol>
<li style="list-style-type: none;">
<ol>
<li class="p1"><strong>El locutor</strong>
<ol>
<li class="p1">La destreza del locutor/a ante diferentes textos trabajando la interpretación.</li>
<li class="p1">Prácticas.
<ol>
<li class="p1">Ajustes de tiempos.</li>
<li class="p1">Practicas con material audiovisual real.</li>
<li class="p1">Ejercicios con diferentes dificultades para una correcta adaptación a los textos.</li>
<li class="p1">Ajuste de tonos. Prácticas de grabación de publicidad y narración de documentales.</li>
</ol>
</li>
</ol>
</li>
<li class="p1"><strong>Locuciones de videos corporativos.</strong>
<ol>
<li class="p1">Video corporativo. Estilo y credibilidad de una empresa.</li>
<li class="p1">Prácticas.
<ol>
<li class="p1">La sincronización con elementos visuales.</li>
<li class="p1">Técnicas para la realización de sincronización de ajustes con la voz de referencia.</li>
</ol>
</li>
</ol>
</li>
<li><strong>Otros formatos.</strong>
<ol>
<li>Locución de Offs tv, programas, concursos y reportajes.</li>
<li>Centralitas, Indicativos de radio.</li>
<li>Casting de voz.</li>
<li>Muestras de audio y sus características.</li>
<li>Plataformas de casting online.</li>
</ol>
</li>
</ol>
</li>
</ol>

<p class="p1" style="text-align: justify;">En este <strong>nuevo Taller de Locución Publicitaria Avanzado</strong> con Juan Francisco Corredera vamos a ir un paso más allá, nos adentraremos de lleno en la interpretación de cuñas, spots de tv, ampliando la narración corporativa y documental.</p>
<p class="p1" style="text-align: justify;">Una de las claras funciones del vídeo corporativo es reforzar la imagen de marca de una empresa, además de promocionar su actividad en videos para uso interno, internet o redes sociales.</p>
<p class="p1" style="text-align: justify;">Buscaremos la naturalidad en las locuciones publicitarias para que suenes profesional.</p>
<p class="p1" style="text-align: justify;">Con tu voz podrás convencer y persuadir.</p>
<p class="p1" style="text-align: justify;"><strong>La constancia, clave del éxito.</strong></p>
