{"id":1099,"date":"2018-09-01T12:43:22","date_gmt":"2018-09-01T12:43:22","guid":{"rendered":"https:\/\/sandbox.escueladoblajealicante.com\/?post_type=product&#038;p=1099"},"modified":"2024-09-19T11:41:51","modified_gmt":"2024-09-19T11:41:51","slug":"locucion-publicitaria-y-tecnicas-de-voz-octubre-18","status":"publish","type":"product","link":"https:\/\/www.escueladoblajealicante.com\/en\/cursos\/locucion-publicitaria-y-tecnicas-de-voz-octubre-18\/","title":{"rendered":"Taller de Locuci\u00f3n Publicitaria y t\u00e9cnicas de Voz"},"content":{"rendered":"<h3><strong>Temario del Taller de Locuci\u00f3n publicitaria y T\u00e9cnicas de Voz<\/strong><\/h3>\n<p>&nbsp;<\/p>\n<p><strong>1.- La voz<\/strong><\/p>\n<ul>\n<li>Principios b\u00e1sicos y elementos de fonaci\u00f3n.<\/li>\n<li>Respiraci\u00f3n diafragma. Intenci\u00f3n tono, volumen colocaci\u00f3n de la voz.<\/li>\n<\/ul>\n<p>Pr\u00e1cticas:<\/p>\n<ul>\n<li>Ejercicios de respiraci\u00f3n. Los patrones correctos de toma y expulsi\u00f3n de aire.<\/li>\n<li>Colocaci\u00f3n frente a micr\u00f3fono y atril.<\/li>\n<li>Pr\u00e1cticas de grito en publicidad.<\/li>\n<li>Vocalizaci\u00f3n y dicci\u00f3n.<\/li>\n<li>Locuci\u00f3n y grabaci\u00f3n de diferentes textos.<\/li>\n<\/ul>\n<p>&nbsp;<\/p>\n<p><strong>2.- Interpretaci\u00f3n<\/strong><\/p>\n<ul>\n<li>Interpretaci\u00f3n vocal, recursos b\u00e1sicos.<\/li>\n<\/ul>\n<p>Pr\u00e1cticas:<\/p>\n<ul>\n<li>T\u00e9cnicas de voz a diferentes prop\u00f3sitos.<\/li>\n<li>Comprensi\u00f3n del texto y eliminaci\u00f3n de malas pr\u00e1cticas.<\/li>\n<li>Pr\u00e1ctica de distancias micr\u00f3fono\/voz y regulaci\u00f3n del volumen.<\/li>\n<li>Estilos de locuci\u00f3n publicitaria: Natural, corporativa, testimonial, suave\u2026<\/li>\n<\/ul>\n<p>&nbsp;<\/p>\n<p><strong>3.-\u00a0Locuci\u00f3n publicitaria.<\/strong><\/p>\n<ul>\n<li>Formatos: Cu\u00f1a, Spot, Microespacio, Cola, Megafon\u00edas.<\/li>\n<li>Duraciones y ajustes de tiempo.<\/li>\n<\/ul>\n<p>Pr\u00e1cticas:<\/p>\n<ul>\n<li>Referencias t\u00e9cnicas en el estudio.<\/li>\n<li>Comprensi\u00f3n de los ajustes t\u00e9cnicos y de volumen para el locutor.<\/li>\n<li>Grabaci\u00f3n de diferentes estilos publicitarios: Narrativo, publicitario, Corporativo, testimonial auto-promoci\u00f3n.<\/li>\n<\/ul>","protected":false},"excerpt":{"rendered":"<p>S\u00e1cale el m\u00e1ximo partido a tu voz en este exclusivo taller intensivo de locuci\u00f3n publicitaria y t\u00e9cnicas de voz impartido por\u00a0Juan Francisco Corredera. En este taller se pretende preparar a los participantes a enfrentarse al atril y al micr\u00f3fono y disfrutar aprendiendo del arte de la locuci\u00f3n publicitaria.<\/p>\n<p>El objetivo es que aprendas una serie de t\u00e9cnicas, registros y pautas para poder ser todo un especialista como locutor de publicidad.<\/p>\n<p>Hoy en d\u00eda internet nos puede abrir muchos caminos y nos permite realiza trabajos ara cualquier parte del mundo, por lo que debemos estar preparados para recibir una llamada de un \u2018estudio de grabaci\u00f3n\u2019 en cualquier momento. Y por supuesto nuestra voz tiene que estar en condiciones \u00f3ptimas para su utilizaci\u00f3n.<\/p>\n<p>En el Taller intensivo de Locuci\u00f3n Publicitaria y T\u00e9cnicas de voz, desde el primer d\u00eda vamos a enfrentarnos a textos interpretados, comerciales, narrativos etc, para que puedas billar con luz propia. Todo desde una perspectiva l\u00fadica divertida y fundamentalmente pr\u00e1ctica.<\/p>","protected":false},"featured_media":1044,"comment_status":"open","ping_status":"closed","template":"","meta":{"_acf_changed":false,"inline_featured_image":false},"product_brand":[],"product_cat":[28],"product_tag":[],"class_list":{"0":"post-1099","1":"product","2":"type-product","3":"status-publish","4":"has-post-thumbnail","6":"product_cat-locucion","8":"first","9":"outofstock","10":"sold-individually","11":"taxable","12":"shipping-taxable","13":"purchasable","14":"product-type-simple"},"acf":[],"_links":{"self":[{"href":"https:\/\/www.escueladoblajealicante.com\/en\/wp-json\/wp\/v2\/product\/1099","targetHints":{"allow":["GET"]}}],"collection":[{"href":"https:\/\/www.escueladoblajealicante.com\/en\/wp-json\/wp\/v2\/product"}],"about":[{"href":"https:\/\/www.escueladoblajealicante.com\/en\/wp-json\/wp\/v2\/types\/product"}],"replies":[{"embeddable":true,"href":"https:\/\/www.escueladoblajealicante.com\/en\/wp-json\/wp\/v2\/comments?post=1099"}],"version-history":[{"count":0,"href":"https:\/\/www.escueladoblajealicante.com\/en\/wp-json\/wp\/v2\/product\/1099\/revisions"}],"wp:featuredmedia":[{"embeddable":true,"href":"https:\/\/www.escueladoblajealicante.com\/en\/wp-json\/wp\/v2\/media\/1044"}],"wp:attachment":[{"href":"https:\/\/www.escueladoblajealicante.com\/en\/wp-json\/wp\/v2\/media?parent=1099"}],"wp:term":[{"taxonomy":"product_brand","embeddable":true,"href":"https:\/\/www.escueladoblajealicante.com\/en\/wp-json\/wp\/v2\/product_brand?post=1099"},{"taxonomy":"product_cat","embeddable":true,"href":"https:\/\/www.escueladoblajealicante.com\/en\/wp-json\/wp\/v2\/product_cat?post=1099"},{"taxonomy":"product_tag","embeddable":true,"href":"https:\/\/www.escueladoblajealicante.com\/en\/wp-json\/wp\/v2\/product_tag?post=1099"}],"curies":[{"name":"wp","href":"https:\/\/api.w.org\/{rel}","templated":true}]}}

Taller de Locución Publicitaria y técnicas de Voz

<h3><strong>Temario del Taller de Locución publicitaria y Técnicas de Voz</strong></h3>
<p>&nbsp;</p>
<p><strong>1.- La voz</strong></p>
<ul>
<li>Principios básicos y elementos de fonación.</li>
<li>Respiración diafragma. Intención tono, volumen colocación de la voz.</li>
</ul>
<p>Prácticas:</p>
<ul>
<li>Ejercicios de respiración. Los patrones correctos de toma y expulsión de aire.</li>
<li>Colocación frente a micrófono y atril.</li>
<li>Prácticas de grito en publicidad.</li>
<li>Vocalización y dicción.</li>
<li>Locución y grabación de diferentes textos.</li>
</ul>
<p>&nbsp;</p>
<p><strong>2.- Interpretación</strong></p>
<ul>
<li>Interpretación vocal, recursos básicos.</li>
</ul>
<p>Prácticas:</p>
<ul>
<li>Técnicas de voz a diferentes propósitos.</li>
<li>Comprensión del texto y eliminación de malas prácticas.</li>
<li>Práctica de distancias micrófono/voz y regulación del volumen.</li>
<li>Estilos de locución publicitaria: Natural, corporativa, testimonial, suave…</li>
</ul>
<p>&nbsp;</p>
<p><strong>3.- Locución publicitaria.</strong></p>
<ul>
<li>Formatos: Cuña, Spot, Microespacio, Cola, Megafonías.</li>
<li>Duraciones y ajustes de tiempo.</li>
</ul>
<p>Prácticas:</p>
<ul>
<li>Referencias técnicas en el estudio.</li>
<li>Comprensión de los ajustes técnicos y de volumen para el locutor.</li>
<li>Grabación de diferentes estilos publicitarios: Narrativo, publicitario, Corporativo, testimonial auto-promoción.</li>
</ul>

<p>Sácale el máximo partido a tu voz en este exclusivo taller intensivo de locución publicitaria y técnicas de voz impartido por Juan Francisco Corredera. En este taller se pretende preparar a los participantes a enfrentarse al atril y al micrófono y disfrutar aprendiendo del arte de la locución publicitaria.</p>
<p>El objetivo es que aprendas una serie de técnicas, registros y pautas para poder ser todo un especialista como locutor de publicidad.</p>
<p>Hoy en día internet nos puede abrir muchos caminos y nos permite realiza trabajos ara cualquier parte del mundo, por lo que debemos estar preparados para recibir una llamada de un ‘estudio de grabación’ en cualquier momento. Y por supuesto nuestra voz tiene que estar en condiciones óptimas para su utilización.</p>
<p>En el Taller intensivo de Locución Publicitaria y Técnicas de voz, desde el primer día vamos a enfrentarnos a textos interpretados, comerciales, narrativos etc, para que puedas billar con luz propia. Todo desde una perspectiva lúdica divertida y fundamentalmente práctica.</p>
