{"id":1085,"date":"2019-06-01T15:19:34","date_gmt":"2019-06-01T15:19:34","guid":{"rendered":"https:\/\/sandbox.escueladoblajealicante.com\/?post_type=product&#038;p=1085"},"modified":"2024-09-19T11:44:12","modified_gmt":"2024-09-19T11:44:12","slug":"intensivo-de-doblaje-de-junio-2019","status":"publish","type":"product","link":"https:\/\/www.escueladoblajealicante.com\/en\/cursos\/intensivo-de-doblaje-de-junio-2019\/","title":{"rendered":"Intensivo de doblaje de Junio"},"content":{"rendered":"","protected":false},"excerpt":{"rendered":"<p style=\"text-align: justify;\">Un a\u00f1o m\u00e1s, este a\u00f1o vamos a poder contar con el\u00a0<strong>taller intensivo de doblaje de jul<\/strong><strong>io<\/strong>.<\/p>\n<p style=\"text-align: justify;\">Para todos aquellos que est\u00e1is interesados en el mundo del doblaje y alguna vez hab\u00e9is interpretado escenas de vuestras pel\u00edculas favoritas en boca de los propios actores y actrices, esta es vuestra oportunidad de formaros con aut\u00e9nticos profesionales del sector.<\/p>\n<p style=\"text-align: justify;\">Este\u00a0<strong>taller intensivo de doblaje de julio<\/strong>\u00a0ser\u00e1 de 20h de duraci\u00f3n repartidas en 2 fines de semana en viernes y s\u00e1bado.<\/p>\n<p style=\"text-align: justify;\">Durante este taller aprender\u00e1s los fundamentos b\u00e1sicos del doblaje con pr\u00e1cticas continuas delante del atril y nuestra pantalla de cine. Estar\u00e1s en todo momento formado y dirigido por actores y directores de doblaje en activo que conseguir\u00e1n sacar lo mejor de ti y que te permitir\u00e1 iniciarte en la profesi\u00f3n de actor o actriz de doblaje.<\/p>\n<p style=\"text-align: justify;\">\u00bfTe imaginas escuchar tu voz en esa escena de la serie que tanto has visto o de esa pel\u00edcula m\u00edtica?<\/p>\n<p style=\"text-align: justify;\">Esta es tu oportunidad de empezar con excelentes profesionales y profesores de reconocido prestigio dentro del sector.<\/p>\n<p style=\"text-align: justify;\">Puedes ver todos los datos del\u00a0<strong>taller intensivo de doblaje de julio<\/strong>\u00a0en la parte derecha de la p\u00e1gina o al final de la p\u00e1gina si lo est\u00e1s viendo desde el m\u00f3vil.<\/p>","protected":false},"featured_media":771,"comment_status":"open","ping_status":"closed","template":"","meta":{"_acf_changed":false,"inline_featured_image":false},"product_brand":[],"product_cat":[15],"product_tag":[],"class_list":{"0":"post-1085","1":"product","2":"type-product","3":"status-publish","4":"has-post-thumbnail","6":"product_cat-doblaje","8":"first","9":"outofstock","10":"sold-individually","11":"taxable","12":"shipping-taxable","13":"purchasable","14":"product-type-simple"},"acf":[],"_links":{"self":[{"href":"https:\/\/www.escueladoblajealicante.com\/en\/wp-json\/wp\/v2\/product\/1085","targetHints":{"allow":["GET"]}}],"collection":[{"href":"https:\/\/www.escueladoblajealicante.com\/en\/wp-json\/wp\/v2\/product"}],"about":[{"href":"https:\/\/www.escueladoblajealicante.com\/en\/wp-json\/wp\/v2\/types\/product"}],"replies":[{"embeddable":true,"href":"https:\/\/www.escueladoblajealicante.com\/en\/wp-json\/wp\/v2\/comments?post=1085"}],"version-history":[{"count":0,"href":"https:\/\/www.escueladoblajealicante.com\/en\/wp-json\/wp\/v2\/product\/1085\/revisions"}],"wp:featuredmedia":[{"embeddable":true,"href":"https:\/\/www.escueladoblajealicante.com\/en\/wp-json\/wp\/v2\/media\/771"}],"wp:attachment":[{"href":"https:\/\/www.escueladoblajealicante.com\/en\/wp-json\/wp\/v2\/media?parent=1085"}],"wp:term":[{"taxonomy":"product_brand","embeddable":true,"href":"https:\/\/www.escueladoblajealicante.com\/en\/wp-json\/wp\/v2\/product_brand?post=1085"},{"taxonomy":"product_cat","embeddable":true,"href":"https:\/\/www.escueladoblajealicante.com\/en\/wp-json\/wp\/v2\/product_cat?post=1085"},{"taxonomy":"product_tag","embeddable":true,"href":"https:\/\/www.escueladoblajealicante.com\/en\/wp-json\/wp\/v2\/product_tag?post=1085"}],"curies":[{"name":"wp","href":"https:\/\/api.w.org\/{rel}","templated":true}]}}

<p style="text-align: justify;">Un año más, este año vamos a poder contar con el <strong>taller intensivo de doblaje de jul</strong><strong>io</strong>.</p>
<p style="text-align: justify;">Para todos aquellos que estáis interesados en el mundo del doblaje y alguna vez habéis interpretado escenas de vuestras películas favoritas en boca de los propios actores y actrices, esta es vuestra oportunidad de formaros con auténticos profesionales del sector.</p>
<p style="text-align: justify;">Este <strong>taller intensivo de doblaje de julio</strong> será de 20h de duración repartidas en 2 fines de semana en viernes y sábado.</p>
<p style="text-align: justify;">Durante este taller aprenderás los fundamentos básicos del doblaje con prácticas continuas delante del atril y nuestra pantalla de cine. Estarás en todo momento formado y dirigido por actores y directores de doblaje en activo que conseguirán sacar lo mejor de ti y que te permitirá iniciarte en la profesión de actor o actriz de doblaje.</p>
<p style="text-align: justify;">¿Te imaginas escuchar tu voz en esa escena de la serie que tanto has visto o de esa película mítica?</p>
<p style="text-align: justify;">Esta es tu oportunidad de empezar con excelentes profesionales y profesores de reconocido prestigio dentro del sector.</p>
<p style="text-align: justify;">Puedes ver todos los datos del <strong>taller intensivo de doblaje de julio</strong> en la parte derecha de la página o al final de la página si lo estás viendo desde el móvil.</p>
